ate the remainder when s(-7) is divided by o.
9
Suppose -4*n + 172 = 4*t, -t - 3*n = -5*t + 158. Calculate the remainder when t is divided by ((-7)/4 - -1)/((-2)/40).
11
Suppose -5*w + 42 = -9*j + 6*j, 7*w = 4*j + 59. Calculate the remainder when 150 is divided by w.
6
Let m(l) = -l**2 + 106. Calculate the remainder when m(0) is divided by -3 + (2 - -7*4).
25
Let a = -235 + 160. Let t = a - -117. What is the remainder when t is divided by 13?
3
Suppose -4*w - 24 = -o, -4*o + 45*w - 46*w + 11 = 0. Calculate the remainder when 109 is divided by o.
1
Suppose 0 = -49*p + 11*p + 7220. Calculate the remainder when p is divided by 3.
1
Suppose -21*z + 992 = -5*z. What is the remainder when z is divided by 18?
8
Calculate the remainder when (2/8)/((-110)/(-453640)) is divided by 22.
19
Let k = -51 + 63. Suppose 0 = 3*u + k, r - 3*u - u = 25. What is the remainder when 34 is divided by r?
7
Let z = 772 - 711. What is the remainder when 1400 is divided by z?
58
Suppose 57 = 3*b - 0. Calculate the remainder when 51 is divided by b.
13
Let q(h) = -h**3 - 9*h**2 - 20*h + 8. What is the remainder when 123 is divided by q(-4)?
3
Let w = -464 + 572. Calculate the remainder when w is divided by 47.
14
Suppose -5*t = -3*g + 280, -t - 353 = -3*g - 81. What is the remainder when 538 is divided by g?
88
Suppose -100 = 4*s - 344. Let h(w) = -w**2 - 10*w + 5. Let i(m) = 2*m - 22. Let t be i(7). What is the remainder when s is divided by h(t)?
19
Let x(a) = -a**3 + 6*a**2 - 11*a + 19. Let j be x(5). Let c(k) = -k**3 - 10*k**2 + 8*k - 22. What is the remainder when 274 is divided by c(j)?
10
Suppose 5*h - 7*h + 4*a = -80, 5*a = 10. What is the remainder when h is divided by 24?
20
Let l(k) = -3*k - 47. Let a be l(-13). Let m = a + 17. Calculate the remainder when 1 + -1 + 0 + 24 is divided by m.
6
Let y = 27 + -17. Let j(m) = -m**3 + 15*m**2 - 17*m + 35. Let t be j(14). Let i(u) = -u**2 - 7*u + 17. What is the remainder when i(t) is divided by y?
7
Suppose 4*s + 4 = 28. Suppose 76 = -2*v + 6*v. Calculate the remainder when v is divided by (-21)/2*(-4)/s.
5
Suppose -5*i - 1008 = -1403. What is the remainder when 295 is divided by i?
58
Suppose -2*h = -3*k + 75, 11*k - 3*h = 8*k + 75. What is the remainder when 287 is divided by k?
12
Suppose -3*r + 102 + 93 = 0. Suppose -3*f - 4*v = -210, -5*v - 54 = -f - v. Calculate the remainder when r is divided by 6/12 + f/4.
14
Suppose 5*f + 13 = 3*m + 83, -2*f - 127 = 5*m. Let a = m - -22. Calculate the remainder when (-2)/(-2)*(17 - a) is divided by 6.
2
Let t = -9 + 11. Suppose -3*u = u - 20. Let g = u + -3. What is the remainder when t is divided by g?
0
What is the remainder when 69 is divided by ((-2)/(-4))/(1 - 50/52)?
4
Let j(w) = 6*w - 7*w**2 - 3 + w**3 - 2 + 7 + 6. Calculate the remainder when 23 is divided by j(6).
7
Suppose -478 - 547 = -25*v. What is the remainder when 173 is divided by v?
9
Suppose m - 5*b = 45, m - 65*b - 45 = -67*b. What is the remainder when m is divided by 34?
11
Suppose 0 = -5*o + 3*o + 8. Suppose o + 19 = b. Suppose -4*z = -2*x - 38, -x - 4 = -1. Calculate the remainder when b is divided by z.
7
Calculate the remainder when 12 - 2 - (-347 + -4) is divided by 30.
1
Suppose -5*t + 136 = 4*j, -15*j + 4*t + 13 = -14*j. What is the remainder when 97 is divided by j?
10
Suppose 17 = 2*q + 11. Suppose 5*h = q*h + 60. Let b(y) = 2*y + 2. Calculate the remainder when h is divided by b(7).
14
Let z(g) = -g - 6. Let x be z(-5). Let n = -1089 - -1104. Calculate the remainder when n is divided by 5*x*(-6)/5.
3
Let v be (-2)/12 - (-3462)/36. Let n = -88 + v. What is the remainder when 29 is divided by n?
5
Suppose 1420 + 314 = 34*w. Calculate the remainder when 99 is divided by w.
48
Suppose 10*q - 6*q - 248 = 0. Suppose -4*f = 4*w - w + q, 2*f - 68 = 4*w. Let p = w + 19. Calculate the remainder when 4 is divided by p.
0
Suppose 9 = 11*m - 10*m. Calculate the remainder when (m - 50)*(-2 + -2 + 3) is divided by 7.
6
Suppose 0*k - 3*k = 3*i - 165, -k - 5*i + 71 = 0. Calculate the remainder when k is divided by 13.
12
Let b(z) = z**2 + 2*z + 2. Calculate the remainder when (2/(-4))/(81/108 + (-29)/38) is divided by b(-3).
3
Let j(l) be the third derivative of 17*l**4/24 - l**3 - 2*l**2. What is the remainder when j(7) is divided by 23?
21
Suppose -11 = -q - 9. Suppose q*z + z - 42 = -u, 8 = 2*z. Let n = 3 + 8. What is the remainder when u is divided by n?
8
Suppose 4*u + 616 = 4*b, 184 + 414 = 4*b + 5*u. Calculate the remainder when b is divided by 39.
35
Suppose 1694 = 42*v - 238. What is the remainder when 122 is divided by v?
30
Let s be 2/(-10) + (-1)/(10/(-112)). Suppose s + 10 = i. What is the remainder when 39 is divided by i?
18
Let p be (7/((-70)/4))/((-4)/380). Let c = p + 5. Calculate the remainder when c is divided by 11.
10
Let n(x) = -2*x**3 - 7*x**2 + 5*x + 6. Let v = 13 - 8. Calculate the remainder when ((-9)/v)/(1/(-5)) is divided by n(-4).
1
Let i = -61 + 32. Let c(o) = -o - 2. Let f be c(18). Let x = f - i. What is the remainder when 34 is divided by x?
7
Let n = 703 + -673. Calculate the remainder when n is divided by 12.
6
Let y(u) = -u**2 + 11*u + 2. Let j = -7 - -13. Let h be y(j). Let t = 47 - h. What is the remainder when 44 is divided by t?
14
Suppose 5*r - 29 = 31. Let a(o) be the third derivative of 7*o**4/12 - 3*o**3/2 + 3*o**2. Calculate the remainder when a(4) is divided by r.
11
Suppose 0 = -v + 2*f + 14, -25 = 5*f - 0*f. Suppose c = -3*y + 33, -v*y - 9 + 29 = 0. What is the remainder when c is divided by 6?
0
Suppose 2*l = 5*l - 12. Let q be ((-336)/(-35))/((-9)/(-30)). Suppose -12 = l*n - q. What is the remainder when 14 is divided by n?
4
Let k = -510 + 613. What is the remainder when 201 is divided by k?
98
Suppose -n - 4*z - 4 = 2, 4*z + 14 = 3*n. Suppose -n*p - 7*p = -207. What is the remainder when p is divided by 8?
7
Let r(j) = -j**3 + 13*j**2 - 4*j. Let p be r(13). What is the remainder when 4 - p/(-12) - (-268)/3 is divided by 13?
11
Let j = 11 - 7. Suppose 0 = -j*v + 2 + 34. Let z(l) = -l**2 + 14*l - 6. What is the remainder when z(v) is divided by 14?
11
Suppose 5*p - 3*k - 3 = 82, 0 = -4*p - 2*k + 68. What is the remainder when 601 is divided by p?
6
Let h be 2/(-8) - (-7)/28. Suppose 4*d + h*d - 4*y + 28 = 0, -4*y + 16 = 0. Calculate the remainder when 37 is divided by (10/5)/(d/(-15)).
7
Let b = -18 - -41. Calculate the remainder when 102/(-85)*(-220)/6 is divided by b.
21
Suppose -79 = -4*l + t, -5*t = 3*l - 8*t - 66. What is the remainder when l is divided by 5?
4
Suppose 5*t = -5*l, -4*l = t - 2*t + 20. Suppose -8*b = t*b - 156. What is the remainder when 23 is divided by b?
10
Suppose 3*t + 2*t = 4*t. Suppose -2*f - 2*m - 3 = 1, -5*m - 15 = t. Calculate the remainder when (4/(-8))/(1/(-6)) is divided by f.
0
Suppose -4*v + 23 + 41 = 0. Let f = 295 + -220. What is the remainder when f is divided by v?
11
Let x = -40 - -41. Let u = x + 32. What is the remainder when u is divided by 9?
6
Let i = 779 - -1305. Calculate the remainder when i is divided by 72.
68
Let b = 1 + 1. Suppose -19 = -b*o + 1. Suppose 4*m + f - 79 = 0, 2*f - 56 = -5*m + 45. What is the remainder when m is divided by o?
9
Let m = -288 + 303. Calculate the remainder when (-2)/(-4)*2 + 26 is divided by m.
12
What is the remainder when (115/15)/((-8)/(-2568)) is divided by 14?
11
Suppose 16 = 4*q, 5*q = -v + 4 + 12. Let t = v + 13. Calculate the remainder when 15 is divided by t.
6
Suppose 5*s - 368 = 7*k - 5*k, 5*s - 373 = -3*k. Let u = s + -51. Calculate the remainder when 65 is divided by u.
19
Calculate the remainder when -186*8/(-72)*3 is divided by 24.
14
Suppose 3*k + 111 = 2*q, -3*q - 99 = -5*q - k. Suppose q = -69*x + 72*x. What is the remainder when (-194)/(-4) + 1/(-2) is divided by x?
14
Suppose 344 + 204 = 4*z. Calculate the remainder when z is divided by 14.
11
Calculate the remainder when 147 is divided by (-2)/(-14) - (8 - 1548/42).
2
Let n(u) = u - 13. Let v be n(4). Let h = 6 - v. Calculate the remainder when 42 is divided by h.
12
Let v(y) = -4*y**2 + 3*y - 2. Suppose m + 12 = 14. Let l be v(m). Let z = l - -16. Calculate the remainder when z is divided by 3.
1
Suppose 0 = 3*p + 2*g - 65, 0*p = 3*p - 2*g - 73. Suppose y = -y - 6, 0 = 2*d - y - p. Suppose 4*n - 6 = 6. What